{"id":550,"date":"2020-12-13T16:16:17","date_gmt":"2020-12-13T16:16:17","guid":{"rendered":"https:\/\/digmit.tantemalkah.at\/?page_id=550"},"modified":"2022-12-25T15:32:18","modified_gmt":"2022-12-25T15:32:18","slug":"therapie-beratung","status":"publish","type":"page","link":"https:\/\/digmit.tantemalkah.at\/index.php\/startseite\/gesundheit\/ich-suche-eine-n-arztin\/psychotherapie-psychologische-beratung\/therapie-beratung\/","title":{"rendered":"Therapie &#038; Beratung"},"content":{"rendered":"\n<p>Wenn es mir psychisch nicht gut geht, kann ich probieren, <strong><u><a href=\"https:\/\/digmit.tantemalkah.at\/index.php\/startseite\/gesundheit\/arbeiten-gesund-bleiben\/bleib-gesund-was-ich-selbst-dazu-tun-kann\/\" data-type=\"page\" data-id=\"570\">selbst etwas f\u00fcr meine Gesundheit<\/a><\/u><\/strong> zu <strong>tun<\/strong>. <br>Ich kann mich gesund ern\u00e4hren; ich kann versuchen, Bewegung oder Sport zu machen, mich mehr zu erholen und genug zu schlafen.<br><br><\/p>\n\n\n\n<p>Manchmal hilft mir das alles aber nicht, oder ich habe keine Zeit f\u00fcr mehr Bewegung oder Schlaf. <br>Wenn ich <strong>psychische Probleme<\/strong> habe, kann ich mir <strong>Hilfe<\/strong> suchen.<br><br><\/p>\n\n\n\n<p>Wenn ich eine <strong>psychische Krise<\/strong> habe und <strong>sofort Hilfe brauche<\/strong>, kann ich den Not- und Krisendienst der <strong>Psychiatrischen Soforthilfe<\/strong> anrufen: <a href=\"tel: +43 1 31330\">+43 1 31330<\/a>. Die Psychiatrische Soforthilfe ist <strong>t\u00e4glich rund um die Uhr <\/strong>(<strong>0\u201324 h<\/strong>) erreichbar.<\/p>\n\n\n\n<p><br>Bei <strong>akute<\/strong>n <strong>Krise<\/strong>n kann ich mich beim <strong><a href=\"https:\/\/kriseninterventionszentrum.at\/\">Kriseninterventionszentrum<\/a><\/strong> <strong><a href=\"http:\/\/+43 1 406 95 95\">telefonisch<\/a><\/strong> (Montag bis Freitag 10 bis 17 Uhr) beraten lassen und oft noch am selben Tag einen Termin bekommen.<br>Es gibt <strong>Dolmetsch<\/strong> f\u00fcr verschiedene <strong>Sprachen<\/strong>.<\/p>\n\n\n\n<p><br><\/p>\n\n\n\n<p>Das <strong><a href=\"https:\/\/www.diakonie.at\/unsere-angebote-und-einrichtungen\/amike-telefon\">AMIKE-Telefon<\/a><\/strong> bietet <strong>Rat und Hilfe bei<\/strong> <strong>psychosozialen Belastungen<\/strong>.<br>Die Beratung ist <strong>anonym<\/strong> und <strong>kostenlos<\/strong>.<br>Bei AMIKE bekomme ich <strong>telefonische Beratung<\/strong> in den <strong>Sprachen<\/strong>: <br>Deutsch: <a href=\"tel: +43 1 343 01 01 1\">+43 1 343 01 01 1<\/a><br>Englisch: <a href=\"tel: +43 1 343 01 01 1\">+43 1 343 01 01 1<\/a><br>Dari \/ Farsi: <a href=\"tel: +43 1 343 01 01 2\">+43 1 343 01 01 2<\/a><br>Arabisch: <a href=\"tel: +43 1 343 01 01 2\">+43 1 343 01 01 3<\/a><br>Kurdisch: <a href=\"tel: +43 1 343 01 01 3\">+43 1 343 01 01 3<\/a><br>Russisch: <a href=\"tel: +43 1 343 01 01 4\">+43 1 343 01 01 4<\/a><br>Bosnisch\/Kroatisch\/Serbisch: <a href=\"tel: +43 1 343 01 01 5\">+43 1 343 01 01 5<\/a><br>T\u00fcrkisch: <a href=\"tel: +43 1 343 01 01 6\">+43 1 343 01 01 6<\/a><br>Ukrainisch: <a href=\"tel: +43 1 343 01 01 7\">+43 1 343 01 01 7<\/a><\/p>\n\n\n\n<p><br><\/p>\n\n\n\n<p>Ich kann ins <strong><u><a href=\"https:\/\/femsued.at\/\">Frauengesundheitszentrum F.E.M. S\u00fcd<\/a><\/u><\/strong> gehen und mich dort zum Thema <strong>Gesundheit von Frauen*<\/strong> <strong>informieren<\/strong> und <strong>beraten<\/strong> lassen. <br>Bei F.E.M. S\u00fcd gibt es Information und Beratung zu verschieden Themen der Frauengesundheit (wie zum Beispiel Schwangerschaft oder Verh\u00fctung), aber auch zu <strong>psychische<\/strong>n <strong>Problemen<\/strong> wie zum Beispiel \u00c4ngsten oder Depressionen. <br>Hier gibt es Beratung in mehreren <strong>Sprachen<\/strong>: Deutsch, Englisch, Bosnisch\/Kroatisch\/Serbisch, T\u00fcrkisch, Farsi\/Dari, Arabisch und Somali.<\/p>\n\n\n\n<p>Au\u00dferdem bietet <strong><a href=\"http:\/\/www.frauenassistenz.at\/\">FEM S\u00fcd FRAUENASSISTENZ<\/a><\/strong> Frauen mit psychischen und k\u00f6rperlichen Beeintr\u00e4chtigungen, chronischer Krankheit oder Behinderung mehrsprachige Beratung, Unterst\u00fctzung und Begleitung beim Zugang zum Arbeitsmarkt oder bei Problemen am Arbeitsplatz.<br><br><\/p>\n\n\n\n<p>Kostenlose psychologische Beratung bekommen Frauen* auch in der <strong><u><a href=\"http:\/\/www.lefoe.at\/index.php\/beratung.html\">LEF\u00d6 \u2013 Beratungsstelle f\u00fcr lateinamerikanische Frauen<\/a><\/u><\/strong> in den <strong>Sprachen<\/strong> Deutsch, Spanisch, Portugiesisch und Englisch.<\/p>\n\n\n\n<p><strong><a href=\"https:\/\/www.peregrina.at\/psychologische-beratung-und-behandlung\">Peregrina<\/a><\/strong> bietet kostenlose psychologische Beratung und Behandlung in den <strong>Sprachen <\/strong>Bosnisch\/Kroatisch\/Serbisch, Deutsch, Englisch und f\u00fcr asylberechtigte Frauen und M\u00e4dchen ab 16 Jahren auch in arabischer Sprache (mit Dolmetscherin) an.<\/p>\n\n\n\n<p>Bei <strong><u><a href=\"https:\/\/miteinlernen.at\/psychotherapie\/\">Miteinander Lernen \u2013 Birlikte \u00d6\u011frenelim<\/a><\/u><\/strong> gibt es Psychotherapie in den <strong>Sprachen<\/strong> Deutsch, T\u00fcrkisch und Englisch. Psychosoziale Beratung gibt es auch in Dari, Farsi und Paschtu. <\/p>\n\n\n\n<p><br><\/p>\n\n\n\n<p><\/p>\n\n\n\n<p>Ich kann in der <a href=\"https:\/\/ambulanz.sfu.ac.at\/de\/weitere-angebote\/psychotherapie\/\"><strong><u>Universit\u00e4tsambulanz<\/u><\/strong> der <strong>Sigmund Freud Privatuniversit\u00e4t<\/strong><\/a> eine <strong>Therapie<\/strong> machen. <br>Ich bezahle je nach Einkommen; es gibt Sozialtarife. <br>Therapie wird hier in vielen <strong>Sprachen<\/strong> angeboten: Albanisch, Aserbeidschani, Bemba, Bosnisch\/Serbo-Kroatisch, Cebuano\/Tagolog\/Igbo, Persisch\/Farsi\/Dari, Deutsch, Englisch, Franz\u00f6sisch, Georgisch, Hebr\u00e4isch, Italienisch, Jiddisch, Nyanja\/Chewa\/Chichewa, Philippinisch, Polnisch, Rum\u00e4nisch, Russisch, Slowakisch, Tagalog, Tschechisch, T\u00fcrkisch, Ukrainisch.<\/p>\n\n\n\n<p><br><\/p>\n\n\n\n<p><strong><a href=\"http:\/\/www.hemayat.org\/\">HEMAYAT Betreuungszentrum f\u00fcr Folter- und Kriegs\u00fcberlebende<\/a><\/strong> unterst\u00fctzt Menschen, die durch <strong>Folter<\/strong> oder <strong>Krieg<\/strong> extreme <strong>Traumatisierungen<\/strong> erlitten haben.<br>Traumatisierte Menschen bekommen bei HEMAYAT <strong>medizinische, psychologische und psychotherapeutische Betreuung<\/strong> in verschiedenen <strong>Sprachen<\/strong>:<br>Albanisch, Arabisch, Armenisch, Bangla, Chinesisch, Dari, Deutsch, Farsi, Franz\u00f6sisch, Georgisch, Kurdisch, Mongolisch, Paschtu, Russisch, Sorani, Serbokroatisch, Spanisch, T\u00fcrkisch, Ukrainisch, Urdu<br>Die Betreuung ist <strong>kostenlos<\/strong>.<br>HEMAYAT unterst\u00fctzt auch Menschen <strong>ohne Krankenversicherung<\/strong>.<\/p>\n\n\n\n<p><br><\/p>\n\n\n\n<p><a href=\"https:\/\/psychische-hilfe.wien.gv.at\/site\/beratung-behandlung-und-therapie-fuer-menschen-mit-migrationshintergrund\/\">Hier<\/a> gibt es eine Liste mit weiteren <strong>Beratung<\/strong>s-, <strong>Behandlung<\/strong>s- und <strong>Therapie<\/strong>angeboten <strong>f\u00fcr Menschen mit Migrationshintergrund<\/strong>.<br><br><\/p>\n\n\n\n<p>Auf der Seite <strong><u><a href=\"https:\/\/www.psychotherapie.at\/patientinnen\/psychotherapeutinnen-suche?familienname=&amp;bundesland=Alle&amp;bezirk=Alle&amp;plz=&amp;ort=&amp;berufsgruppe=pth&amp;geschlecht=P&amp;suchen=Suchen&amp;suchen=Erweiterte+Suche\">psychotherapie.at<\/a><\/u><\/strong> kann ich selbst eine*n <strong>Therapeut*in<\/strong> <strong>suchen<\/strong>, die meine Muttersprache spricht.<br><br><\/p>\n\n\n\n<p>Auf <strong><u><a href=\"https:\/\/www.praxisplan.at\/e-suche.php\">praxisplan.at<\/a><\/u><\/strong> kann ich eine\/n <strong>\u00c4rzt*in in Wien<\/strong> suchen, die meine Muttersprache spricht (<a href=\"https:\/\/digmit.tantemalkah.at\/index.php\/startseite\/gesundheit\/ich-suche-eine-n-arztin\/arztinnen-in-wien\/\" data-type=\"page\" data-id=\"287\">Wie suche ich ein\/e \u00c4rzt*in auf praxisplan.at?<\/a>). <br><strong>Psychiater*innen<\/strong> sind \u00c4rzt*innen f\u00fcr psychische Erkrankungen. Sie k\u00f6nnen auch Medikamente verschreiben.<\/p>\n\n\n\n<p><\/p>\n","protected":false},"excerpt":{"rendered":"<p>Wenn es mir psychisch nicht gut geht, kann ich probieren, selbst etwas f\u00fcr meine Gesundheit zu tun. Ich kann mich gesund ern\u00e4hren; ich kann versuchen, Bewegung oder Sport zu machen, mich mehr zu erholen und genug zu schlafen. Manchmal hilft mir das alles aber nicht, oder ich habe keine Zeit f\u00fcr mehr Bewegung oder Schlaf. [&hellip;]<\/p>\n","protected":false},"author":2,"featured_media":0,"parent":544,"menu_order":0,"comment_status":"closed","ping_status":"closed","template":"","meta":{"footnotes":""},"class_list":["post-550","page","type-page","status-publish","hentry"],"_links":{"self":[{"href":"https:\/\/digmit.tantemalkah.at\/index.php\/wp-json\/wp\/v2\/pages\/550","targetHints":{"allow":["GET"]}}],"collection":[{"href":"https:\/\/digmit.tantemalkah.at\/index.php\/wp-json\/wp\/v2\/pages"}],"about":[{"href":"https:\/\/digmit.tantemalkah.at\/index.php\/wp-json\/wp\/v2\/types\/page"}],"author":[{"embeddable":true,"href":"https:\/\/digmit.tantemalkah.at\/index.php\/wp-json\/wp\/v2\/users\/2"}],"replies":[{"embeddable":true,"href":"https:\/\/digmit.tantemalkah.at\/index.php\/wp-json\/wp\/v2\/comments?post=550"}],"version-history":[{"count":22,"href":"https:\/\/digmit.tantemalkah.at\/index.php\/wp-json\/wp\/v2\/pages\/550\/revisions"}],"predecessor-version":[{"id":2483,"href":"https:\/\/digmit.tantemalkah.at\/index.php\/wp-json\/wp\/v2\/pages\/550\/revisions\/2483"}],"up":[{"embeddable":true,"href":"https:\/\/digmit.tantemalkah.at\/index.php\/wp-json\/wp\/v2\/pages\/544"}],"wp:attachment":[{"href":"https:\/\/digmit.tantemalkah.at\/index.php\/wp-json\/wp\/v2\/media?parent=550"}],"curies":[{"name":"wp","href":"https:\/\/api.w.org\/{rel}","templated":true}]}}