{"id":1701,"date":"2022-06-07T05:20:22","date_gmt":"2022-06-07T05:20:22","guid":{"rendered":"https:\/\/digmit.at\/?page_id=1701"},"modified":"2023-08-19T09:03:24","modified_gmt":"2023-08-19T09:03:24","slug":"information-kurssuche-beratung","status":"publish","type":"page","link":"https:\/\/digmit.tantemalkah.at\/index.php\/startseite\/ausbildung-weiterbildung\/ich-suche-einen-deutschkurs\/ich-suche-einen-deutschkurs-und-war-mehr-als-8-oder-9-jahre-in-der-schule\/information-kurssuche-beratung\/","title":{"rendered":"Kurssuche \/ Information \/  Beratung"},"content":{"rendered":"\n<p>Hier kann ich mich informieren und beraten lassen und einen Kurs suchen:<\/p>\n\n\n\n<ul class=\"wp-block-list\">\n<li><strong>Die Wiener Volkshochschulen (VHS)<\/strong><\/li>\n<\/ul>\n\n\n\n<p>Die VHS bietet Deutschkurse an. <\/p>\n\n\n\n<p>Ich kann beim <strong>Bildungstelefon<\/strong> der VHS Wien anrufen (<a href=\"tel: +431 8930083\">01 8930083<\/a>), mich informieren und einen Kurs suchen (Montag bis Donnerstag 8\u201318 Uhr, Freitag 8\u201317 Uhr). <\/p>\n\n\n\n<p>Ich kann auch <a href=\"https:\/\/www.vhs.at\/de\/kurse\"><strong>online<\/strong> einen <strong>Kurs suchen<\/strong><\/a>.<\/p>\n\n\n\n<p><a href=\"https:\/\/www.vhs.at\/kursprogramme\/deutschkurse\/#page=1\">Infobrosch\u00fcre Deutschkurse: Deutsch, BKS, T\u00fcrkisch, Englisch<\/a><\/p>\n\n\n\n<p>Wenn ich einen <strong>Mobilpass<\/strong> habe, <strong>Mindestsicherung<\/strong> \/ \u201e<strong>Sozialhilfe<\/strong>\u201c beziehe oder <strong>wenig Geld<\/strong> habe, kann ich eine <strong>Erm\u00e4\u00dfigung<\/strong> bekommen. <\/p>\n\n\n\n<p>Mit einer Erm\u00e4\u00dfigung zahle ich <strong>1 \u20ac pro Unterrichtseinheit<\/strong> (= Stunde). F\u00fcr einen Kurs mit 81 Unterrichtseinheiten zahle ich dann 81 \u20ac.<\/p>\n\n\n\n<p><br><\/p>\n\n\n\n<ul class=\"wp-block-list\">\n<li><strong>Bildungsberatung in Wien<\/strong><\/li>\n<\/ul>\n\n\n\n<p>Wenn ich mich zum Thema Ausbildung \/ Weiterbildung und Beruf informieren m\u00f6chte, kann ich bei der <a href=\"https:\/\/www.bildungsberatung-wien.at\/\">Bildungsberatung in Wien<\/a> anrufen: <a href=\"tel: 0800 207959\">0800 207959<\/a>.<\/p>\n\n\n\n<p>Ich kann mich <br>&#8211; telefonisch (Montag bis Donnerstag 9\u201312 Uhr), <br>&#8211; \u00fcber Whatsapp (Montag bis Freitag 9\u201316 Uhr), <br>&#8211; \u00fcber den Facebook-Messenger, <br>&#8211; \u00fcber den Chat, <br>&#8211; \u00fcber E-Mail <br>beraten lassen oder einen pers\u00f6nlichen Termin an einem der <a href=\"https:\/\/www.bildungsberatung-wien.at\/beratungsorte\/\">Standorte<\/a> vereinbaren.<\/p>\n\n\n\n<p>Beratungssprachen: Deutsch, T\u00fcrkisch, BKS, Englisch<\/p>\n\n\n\n<p><br><\/p>\n\n\n\n<ul class=\"wp-block-list\">\n<li><a href=\"https:\/\/www.fraubock.at\/de\/so-helfen-wir\/bildung\">Bildungszentrum Ute Bock<\/a>: <a href=\"https:\/\/www.fraubock.at\/de\/so-helfen-wir\/bildung\/deutschkurse\">Deutschkurse<\/a><\/li>\n<\/ul>\n\n\n\n<ul class=\"wp-block-list\">\n<li><a href=\"https:\/\/www.caritas-wien.at\/\">Caritas<\/a>: <a href=\"https:\/\/www.caritas-wien.at\/hilfe-angebote\/asyl-integration\/ausbildung-arbeit\/deutschkurse-arbeitsmarkt\/deutschkurse-fuer-asylwerberinnen\">Deutschkurse f\u00fcr AslywerberInnen<\/a><\/li>\n<\/ul>\n\n\n\n<ul class=\"wp-block-list\">\n<li><a href=\"http:\/\/www.uki.or.at\/site\/home\">UKI Unterst\u00fctzungskomitee zur Integration von MigrantInnen<\/a>: <a href=\"http:\/\/www.uki.or.at\/site\/aktuelles\/ukikurse\/article\/9.html\">Deutschkurse f\u00fcr AsylwerberInnen<\/a><\/li>\n<\/ul>\n\n\n\n<p><br><strong>Deutschkurse nur f\u00fcr Frauen*<\/strong> (<strong>mit Kinderbetreuung<\/strong>) finde ich <a href=\"https:\/\/digmit.tantemalkah.at\/index.php\/startseite\/ausbildung-weiterbildung\/ich-suche-einen-deutschkurs\/ich-suche-einen-deutschkurs-und-war-mehr-als-8-oder-9-jahre-in-der-schule\/deutschkurse-fur-frauen-mit-kinderbetreuung\/\" data-type=\"page\" data-id=\"1704\">hier<\/a>.<\/p>\n","protected":false},"excerpt":{"rendered":"<p>Hier kann ich mich informieren und beraten lassen und einen Kurs suchen: Die VHS bietet Deutschkurse an. Ich kann beim Bildungstelefon der VHS Wien anrufen (01 8930083), mich informieren und einen Kurs suchen (Montag bis Donnerstag 8\u201318 Uhr, Freitag 8\u201317 Uhr). Ich kann auch online einen Kurs suchen. Infobrosch\u00fcre Deutschkurse: Deutsch, BKS, T\u00fcrkisch, Englisch Wenn [&hellip;]<\/p>\n","protected":false},"author":2,"featured_media":0,"parent":1698,"menu_order":0,"comment_status":"closed","ping_status":"closed","template":"","meta":{"footnotes":""},"class_list":["post-1701","page","type-page","status-publish","hentry"],"_links":{"self":[{"href":"https:\/\/digmit.tantemalkah.at\/index.php\/wp-json\/wp\/v2\/pages\/1701","targetHints":{"allow":["GET"]}}],"collection":[{"href":"https:\/\/digmit.tantemalkah.at\/index.php\/wp-json\/wp\/v2\/pages"}],"about":[{"href":"https:\/\/digmit.tantemalkah.at\/index.php\/wp-json\/wp\/v2\/types\/page"}],"author":[{"embeddable":true,"href":"https:\/\/digmit.tantemalkah.at\/index.php\/wp-json\/wp\/v2\/users\/2"}],"replies":[{"embeddable":true,"href":"https:\/\/digmit.tantemalkah.at\/index.php\/wp-json\/wp\/v2\/comments?post=1701"}],"version-history":[{"count":11,"href":"https:\/\/digmit.tantemalkah.at\/index.php\/wp-json\/wp\/v2\/pages\/1701\/revisions"}],"predecessor-version":[{"id":2705,"href":"https:\/\/digmit.tantemalkah.at\/index.php\/wp-json\/wp\/v2\/pages\/1701\/revisions\/2705"}],"up":[{"embeddable":true,"href":"https:\/\/digmit.tantemalkah.at\/index.php\/wp-json\/wp\/v2\/pages\/1698"}],"wp:attachment":[{"href":"https:\/\/digmit.tantemalkah.at\/index.php\/wp-json\/wp\/v2\/media?parent=1701"}],"curies":[{"name":"wp","href":"https:\/\/api.w.org\/{rel}","templated":true}]}}