{"id":150,"date":"2020-10-29T00:30:58","date_gmt":"2020-10-29T00:30:58","guid":{"rendered":"https:\/\/digmit.tantemalkah.at\/?page_id=150"},"modified":"2022-09-18T08:45:38","modified_gmt":"2022-09-18T08:45:38","slug":"ich-bin-krank-und-arbeite-nicht-ich-bekomme-mindestsicherung-sozialhilfe","status":"publish","type":"page","link":"https:\/\/digmit.tantemalkah.at\/index.php\/startseite\/gesundheit\/ich-bin-krank\/ich-bin-krank-und-arbeite-nicht\/ich-bin-krank-und-arbeite-nicht-ich-bekomme-mindestsicherung-sozialhilfe\/","title":{"rendered":"Ich bin krank und arbeite nicht. Ich bekomme Mindestsicherung (\u201eSozialhilfe\u201c)."},"content":{"rendered":"\n<p>Wenn ich Mindestsicherung (\u201eSozialhilfe\u201c) bekomme und <strong>im Krankenhaus<\/strong> bleibe, muss ich sofort das <strong>Sozialamt<\/strong> (<strong>MA 40<\/strong>) <strong>informieren<\/strong>.<br><br>Wenn ich Mindestsicherung (\u201eSozialhilfe\u201c) bekomme und <strong>beim AMS gemeldet<\/strong> bin, muss ich<\/p>\n\n\n\n<ul class=\"wp-block-list\"><li>das <strong>AMS<\/strong> sofort <strong>informieren<\/strong>.<\/li><li>gleich <strong>zum\/r \u00c4rzt*in<\/strong> gehen. Der\/die \u00c4rzt*in schreibt mich krank und gibt mir eine <strong>Krankenstandsbest\u00e4tigung<\/strong>.<\/li><li>Diese Krankenstandsbest\u00e4tigung muss ich dem <strong>AMS schicken<\/strong>.<\/li><\/ul>\n\n\n\n<p><\/p>\n\n\n\n<p>Solange ich krank bin, <strong>muss<\/strong> ich <strong>mich nicht bewerben<\/strong>. <br><br>Ab dem vierten Tag des Krankenstandes bekomme ich Krankengeld. <br>Das Krankengeld bekomme ich von der Krankenkasse.<br><br>ACHTUNG<br>Wenn ich <strong>wieder gesund<\/strong> bin, muss ich mich pers\u00f6nlich <strong>beim AMS melden<\/strong>.<\/p>\n","protected":false},"excerpt":{"rendered":"<p>Wenn ich Mindestsicherung (\u201eSozialhilfe\u201c) bekomme und im Krankenhaus bleibe, muss ich sofort das Sozialamt (MA 40) informieren. Wenn ich Mindestsicherung (\u201eSozialhilfe\u201c) bekomme und beim AMS gemeldet bin, muss ich das AMS sofort informieren. gleich zum\/r \u00c4rzt*in gehen. Der\/die \u00c4rzt*in schreibt mich krank und gibt mir eine Krankenstandsbest\u00e4tigung. Diese Krankenstandsbest\u00e4tigung muss ich dem AMS schicken. Solange [&hellip;]<\/p>\n","protected":false},"author":2,"featured_media":0,"parent":119,"menu_order":0,"comment_status":"closed","ping_status":"closed","template":"","meta":{"footnotes":""},"class_list":["post-150","page","type-page","status-publish","hentry"],"_links":{"self":[{"href":"https:\/\/digmit.tantemalkah.at\/index.php\/wp-json\/wp\/v2\/pages\/150","targetHints":{"allow":["GET"]}}],"collection":[{"href":"https:\/\/digmit.tantemalkah.at\/index.php\/wp-json\/wp\/v2\/pages"}],"about":[{"href":"https:\/\/digmit.tantemalkah.at\/index.php\/wp-json\/wp\/v2\/types\/page"}],"author":[{"embeddable":true,"href":"https:\/\/digmit.tantemalkah.at\/index.php\/wp-json\/wp\/v2\/users\/2"}],"replies":[{"embeddable":true,"href":"https:\/\/digmit.tantemalkah.at\/index.php\/wp-json\/wp\/v2\/comments?post=150"}],"version-history":[{"count":7,"href":"https:\/\/digmit.tantemalkah.at\/index.php\/wp-json\/wp\/v2\/pages\/150\/revisions"}],"predecessor-version":[{"id":1843,"href":"https:\/\/digmit.tantemalkah.at\/index.php\/wp-json\/wp\/v2\/pages\/150\/revisions\/1843"}],"up":[{"embeddable":true,"href":"https:\/\/digmit.tantemalkah.at\/index.php\/wp-json\/wp\/v2\/pages\/119"}],"wp:attachment":[{"href":"https:\/\/digmit.tantemalkah.at\/index.php\/wp-json\/wp\/v2\/media?parent=150"}],"curies":[{"name":"wp","href":"https:\/\/api.w.org\/{rel}","templated":true}]}}