{"id":1450,"date":"2022-03-01T16:47:18","date_gmt":"2022-03-01T16:47:18","guid":{"rendered":"https:\/\/digmit.at\/?page_id=1450"},"modified":"2022-03-29T13:02:07","modified_gmt":"2022-03-29T13:02:07","slug":"ich-bin-eu-burgerin-oder-dessen-deren-familienangehoriger","status":"publish","type":"page","link":"https:\/\/digmit.tantemalkah.at\/index.php\/startseite\/aufenthaltsrecht\/ich-mochte-in-osterreich-leben-und-oder-arbeiten\/ich-bin-eu-burgerin-oder-dessen-deren-familienangehoriger\/","title":{"rendered":"Ich bin EU-B\u00fcrger*in oder dessen\/deren Familienangeh\u00f6rige*r."},"content":{"rendered":"\n<p>Wenn ich EU-B\u00fcrger*in oder deren Familienangeh\u00f6rige bin, <strong>darf<\/strong> ich in \u00d6sterreich sofort <strong>arbeiten<\/strong>.<\/p>\n\n\n\n<p>Wenn ich als EU-B\u00fcrger*in <strong>l\u00e4nger als 3 Monate in \u00d6sterreich<\/strong> bleibe, brauche ich eine <strong>Anmeldebescheinigung<\/strong>.<br>Die Anmeldebescheinigung kann ich in Wien bei der <a href=\"https:\/\/www.wien.gv.at\/kontakte\/ma35\/\"><strong>MA 35<\/strong><\/a> beantragen. <br>Ich kann eine Anmeldebescheinigung bekommen, wenn ich arbeite, studiere oder als Angeh\u00f6rige*r.<\/p>\n\n\n\n<p>Wenn ich als Familienangeh\u00f6rige*r eines\/r EU-B\u00fcrger*in l\u00e4nger als 3 Monate in \u00d6sterreich bleibe, brauche ich eine <strong>Aufenthaltskarte<\/strong>.<br>Die Aufenthaltskarte kann ich in Wien bei der <a href=\"https:\/\/www.wien.gv.at\/kontakte\/ma35\/\"><strong>MA 35<\/strong><\/a> beantragen. <br>Ich kann eine Aufenthaltskarte bekommen, wenn ich eine Krankenversicherung und ausreichend finanzielle Mittel habe.<\/p>\n","protected":false},"excerpt":{"rendered":"<p>Wenn ich EU-B\u00fcrger*in oder deren Familienangeh\u00f6rige bin, darf ich in \u00d6sterreich sofort arbeiten. Wenn ich als EU-B\u00fcrger*in l\u00e4nger als 3 Monate in \u00d6sterreich bleibe, brauche ich eine Anmeldebescheinigung.Die Anmeldebescheinigung kann ich in Wien bei der MA 35 beantragen. Ich kann eine Anmeldebescheinigung bekommen, wenn ich arbeite, studiere oder als Angeh\u00f6rige*r. Wenn ich als Familienangeh\u00f6rige*r eines\/r [&hellip;]<\/p>\n","protected":false},"author":2,"featured_media":0,"parent":1318,"menu_order":0,"comment_status":"closed","ping_status":"closed","template":"","meta":{"footnotes":""},"class_list":["post-1450","page","type-page","status-publish","hentry"],"_links":{"self":[{"href":"https:\/\/digmit.tantemalkah.at\/index.php\/wp-json\/wp\/v2\/pages\/1450","targetHints":{"allow":["GET"]}}],"collection":[{"href":"https:\/\/digmit.tantemalkah.at\/index.php\/wp-json\/wp\/v2\/pages"}],"about":[{"href":"https:\/\/digmit.tantemalkah.at\/index.php\/wp-json\/wp\/v2\/types\/page"}],"author":[{"embeddable":true,"href":"https:\/\/digmit.tantemalkah.at\/index.php\/wp-json\/wp\/v2\/users\/2"}],"replies":[{"embeddable":true,"href":"https:\/\/digmit.tantemalkah.at\/index.php\/wp-json\/wp\/v2\/comments?post=1450"}],"version-history":[{"count":2,"href":"https:\/\/digmit.tantemalkah.at\/index.php\/wp-json\/wp\/v2\/pages\/1450\/revisions"}],"predecessor-version":[{"id":1581,"href":"https:\/\/digmit.tantemalkah.at\/index.php\/wp-json\/wp\/v2\/pages\/1450\/revisions\/1581"}],"up":[{"embeddable":true,"href":"https:\/\/digmit.tantemalkah.at\/index.php\/wp-json\/wp\/v2\/pages\/1318"}],"wp:attachment":[{"href":"https:\/\/digmit.tantemalkah.at\/index.php\/wp-json\/wp\/v2\/media?parent=1450"}],"curies":[{"name":"wp","href":"https:\/\/api.w.org\/{rel}","templated":true}]}}