{"id":1414,"date":"2022-03-01T15:41:28","date_gmt":"2022-03-01T15:41:28","guid":{"rendered":"https:\/\/digmit.at\/?page_id=1414"},"modified":"2023-08-17T22:04:23","modified_gmt":"2023-08-17T22:04:23","slug":"ich-bin-drittstaatsangehoriger-und-bin-schulerin-oder-studierender","status":"publish","type":"page","link":"https:\/\/digmit.tantemalkah.at\/index.php\/startseite\/aufenthaltsrecht\/ich-mochte-in-osterreich-leben-und-oder-arbeiten\/ich-bin-drittstaatsangehoriger-und\/ich-bin-drittstaatsangehoriger-und-bin-schulerin-oder-studierender\/","title":{"rendered":"Ich bin Drittstaatsangeh\u00f6rige*r und bin\u00a0Sch\u00fcler*in oder Studierende*r."},"content":{"rendered":"\n<p>Ich darf mit einer \u201eAufenthaltsbewilligung Sch\u00fcler\u201c oder einer \u201eAufenthaltsbewilligung Student\u201c <strong>bis zu 20 Stunden pro Woche arbeiten<\/strong>.<\/p>\n\n\n\n<p>Bevor ich anfange zu arbeiten, muss ich oder mein*e Arbeitgeber*in eine <strong>Besch\u00e4ftigungsbewilligung beim AMS beantragen<\/strong>.<\/p>\n\n\n\n<p>Wenn ich <strong>mehr als 20 Stunden pro Woche arbeiten<\/strong> m\u00f6chte, brauche ich eine <strong><strong>weitere Genehmigung<\/strong><\/strong>. Es gibt dann eine <strong>Arbeitsmarktpr\u00fcfung<\/strong>.<\/p>\n\n\n\n<p><br><\/p>\n\n\n\n<div class=\"wp-block-group\"><div class=\"wp-block-group__inner-container is-layout-constrained wp-block-group-is-layout-constrained\">\n<h2 class=\"wp-block-heading\">weitere Informationen<\/h2>\n\n\n\n<ul class=\"wp-block-list\">\n<li><a href=\"https:\/\/www.usp.gv.at\/mitarbeiter\/auslaendische-beschaeftigte\/berechtigungen-zur-beschaeftigung-fuer-arbeitgeber\/beschaeftigungsbewilligung-schueler-studierende-studienabsolventen.html\">Besch\u00e4ftigungsbewilligung \u2013 Sch\u00fcler, Studierende, Studienabsolventen (Unternehmensservice Portal)<\/a><\/li>\n\n\n\n<li><a href=\"https:\/\/www.ams.at\/unternehmen\/service-zur-personalsuche\/beschaeftigung-auslaendischer-arbeitskraefte\/beschaeftigung-auslaendischer-schuelerinnen-und-schueler--studen\">Besch\u00e4ftigung ausl\u00e4ndischer Sch\u00fclerinnen und Sch\u00fcler, Studentinnen und Studenten (AMS)<\/a><\/li>\n\n\n\n<li><a href=\"https:\/\/www.moment.at\/story\/studierende-aus-drittstaaten-arbeit-zwischen-buerokratie-und-ausbeutung\">Studierende aus Drittstaaten: Arbeit zwischen B\u00fcrokratie und Ausbeutung (Momentum Institut)<\/a><\/li>\n<\/ul>\n<\/div><\/div>\n","protected":false},"excerpt":{"rendered":"<p>Ich darf mit einer \u201eAufenthaltsbewilligung Sch\u00fcler\u201c oder einer \u201eAufenthaltsbewilligung Student\u201c bis zu 20 Stunden pro Woche arbeiten. Bevor ich anfange zu arbeiten, muss ich oder mein*e Arbeitgeber*in eine Besch\u00e4ftigungsbewilligung beim AMS beantragen. Wenn ich mehr als 20 Stunden pro Woche arbeiten m\u00f6chte, brauche ich eine weitere Genehmigung. Es gibt dann eine Arbeitsmarktpr\u00fcfung. weitere Informationen<\/p>\n","protected":false},"author":2,"featured_media":0,"parent":1323,"menu_order":0,"comment_status":"closed","ping_status":"closed","template":"","meta":{"footnotes":""},"class_list":["post-1414","page","type-page","status-publish","hentry"],"_links":{"self":[{"href":"https:\/\/digmit.tantemalkah.at\/index.php\/wp-json\/wp\/v2\/pages\/1414","targetHints":{"allow":["GET"]}}],"collection":[{"href":"https:\/\/digmit.tantemalkah.at\/index.php\/wp-json\/wp\/v2\/pages"}],"about":[{"href":"https:\/\/digmit.tantemalkah.at\/index.php\/wp-json\/wp\/v2\/types\/page"}],"author":[{"embeddable":true,"href":"https:\/\/digmit.tantemalkah.at\/index.php\/wp-json\/wp\/v2\/users\/2"}],"replies":[{"embeddable":true,"href":"https:\/\/digmit.tantemalkah.at\/index.php\/wp-json\/wp\/v2\/comments?post=1414"}],"version-history":[{"count":5,"href":"https:\/\/digmit.tantemalkah.at\/index.php\/wp-json\/wp\/v2\/pages\/1414\/revisions"}],"predecessor-version":[{"id":2656,"href":"https:\/\/digmit.tantemalkah.at\/index.php\/wp-json\/wp\/v2\/pages\/1414\/revisions\/2656"}],"up":[{"embeddable":true,"href":"https:\/\/digmit.tantemalkah.at\/index.php\/wp-json\/wp\/v2\/pages\/1323"}],"wp:attachment":[{"href":"https:\/\/digmit.tantemalkah.at\/index.php\/wp-json\/wp\/v2\/media?parent=1414"}],"curies":[{"name":"wp","href":"https:\/\/api.w.org\/{rel}","templated":true}]}}