{"id":1354,"date":"2022-03-01T13:40:51","date_gmt":"2022-03-01T13:40:51","guid":{"rendered":"https:\/\/digmit.at\/?page_id=1354"},"modified":"2022-03-03T09:48:54","modified_gmt":"2022-03-03T09:48:54","slug":"ich-bin-elternteil-oder-volljahriges-kind-oder-angehoriger-einers-osterreicherin","status":"publish","type":"page","link":"https:\/\/digmit.tantemalkah.at\/index.php\/startseite\/aufenthaltsrecht\/ich-mochte-in-osterreich-leben-und-oder-arbeiten\/ich-bin-drittstaatsangehoriger-und\/ich-bin-drittstaatsangehoriger-und-habe-familie-in-osterreich\/ich-bin-elternteil-oder-volljahriges-kind-oder-angehoriger-einers-osterreicherin\/","title":{"rendered":"Ich bin Elternteil oder vollj\u00e4hriges Kind oder Angeh\u00f6rige*r einer*s \u00d6sterreicher*in.\ufffc"},"content":{"rendered":"\n<p>Ich kann eine <strong>Niederlassungsbewilligung Angeh\u00f6rige*r <\/strong>beantragen.<\/p>\n\n\n\n<p>Dazu brauche ich:<\/p>\n\n\n\n<ul class=\"wp-block-list\"><li>eine <strong>Unterkunft<\/strong> (zum Beispiel einen Mietvertrag), <\/li><li>ausreichende <strong>finanzielle Mittel<\/strong> des\/der Zusammenf\u00fchrenden (zum Beispiel regelm\u00e4\u00dfiges Einkommen), <\/li><li>eine <strong>Krankenversicherung<\/strong>, <\/li><li><strong>keine Erteilungshindernisse<\/strong> (zum Beispiel: Aufenthaltsverbot), <\/li><li><strong>Deutsch<\/strong>kenntnisse auf <strong>A1<\/strong>&#8211; oder sp\u00e4ter <strong>A2<\/strong>-Niveau (<strong>Modul 1 Integrationsvereinbarung<\/strong>), <\/li><li>tats\u00e4chlichen Unterhalt vom Zusammenf\u00fchrenden<\/li><li>tats\u00e4chlichen Unterhalt, gemeinsame Unterkunft oder dringende Pflege durch den\/die Zusammenf\u00fchrende*n<\/li><\/ul>\n\n\n\n<p>Wenn ich eine Niederlassungsbewilligung oder Niederlassungsbewilligung Angeh\u00f6rige*r habe, darf ich nur mit einer g\u00fcltigen <strong>Arbeitserlaubnis vom AMS<\/strong> arbeiten.<\/p>\n\n\n\n<p><br><\/p>\n\n\n\n<p><strong>Nach 2 Jahren<\/strong> kann ich eine <strong>Rot-Wei\u00df-Rot Karte Plus<\/strong> mit freiem Arbeitsmarktzugang <strong>beantragen<\/strong>, <\/p>\n\n\n\n<ul class=\"wp-block-list\"><li>wenn ich <strong>\u201efortgeschritten\u201c integriert<\/strong> bin (zum Beispiel <strong>Deutsch<\/strong>kenntnisse auf <strong>B1<\/strong>-Niveau habe), <\/li><li>oder wenn ich eine <strong>Arbeitserlaubnis<\/strong> habe, <\/li><li>oder wenn ich <strong>Ehegatt*in oder minderj\u00e4hriges Kind einer Person<\/strong> bin, <strong>welche diese Voraussetzungen erf\u00fcllt hat<\/strong>.<\/li><\/ul>\n\n\n\n<p>Mit einer Rot-Wei\u00df-Rot Karte Plus <strong>darf <\/strong>ich in \u00d6sterreich <strong>arbeiten<\/strong>.<\/p>\n\n\n\n<p><br><\/p>\n\n\n\n<p><strong>Nach 5 Jahren<\/strong> kann ich einen \u201e<strong>Daueraufenthalt EU<\/strong>\u201c beantragen. <\/p>\n\n\n\n<p>Dazu brauche ich:<\/p>\n\n\n\n<ul class=\"wp-block-list\"><li>eine <strong>Unterkunft<\/strong> (zum Beispiel einen Mietvertrag), <\/li><li>ausreichende <strong>finanzielle Mittel<\/strong> (zum Beispiel regelm\u00e4\u00dfiges Einkommen), <\/li><li>eine <strong>Krankenversicherung<\/strong>, <\/li><li><strong>keine Erteilungshindernisse<\/strong> (zum Beispiel: Aufenthaltsverbot), <\/li><li><strong>Deutsch<\/strong>kenntnisse auf <strong>B1<\/strong>-Niveau \/ <strong>Modul 2 Integrationsvereinbarung<\/strong>.<\/li><li>Das Mindestalter f\u00fcr <strong>Ehepaare<\/strong>\/<strong>eingetragene Partner*innen<\/strong> ist <strong>21 Jahre<\/strong>.<\/li><\/ul>\n\n\n\n<p>Mit einem Daueraufenthalt EU<strong> darf<\/strong> ich in \u00d6sterreich <strong>arbeiten<\/strong>.<\/p>\n","protected":false},"excerpt":{"rendered":"<p>Ich kann eine Niederlassungsbewilligung Angeh\u00f6rige*r beantragen. Dazu brauche ich: eine Unterkunft (zum Beispiel einen Mietvertrag), ausreichende finanzielle Mittel des\/der Zusammenf\u00fchrenden (zum Beispiel regelm\u00e4\u00dfiges Einkommen), eine Krankenversicherung, keine Erteilungshindernisse (zum Beispiel: Aufenthaltsverbot), Deutschkenntnisse auf A1&#8211; oder sp\u00e4ter A2-Niveau (Modul 1 Integrationsvereinbarung), tats\u00e4chlichen Unterhalt vom Zusammenf\u00fchrenden tats\u00e4chlichen Unterhalt, gemeinsame Unterkunft oder dringende Pflege durch den\/die Zusammenf\u00fchrende*n Wenn [&hellip;]<\/p>\n","protected":false},"author":2,"featured_media":0,"parent":1345,"menu_order":0,"comment_status":"closed","ping_status":"closed","template":"","meta":{"footnotes":""},"class_list":["post-1354","page","type-page","status-publish","hentry"],"_links":{"self":[{"href":"https:\/\/digmit.tantemalkah.at\/index.php\/wp-json\/wp\/v2\/pages\/1354","targetHints":{"allow":["GET"]}}],"collection":[{"href":"https:\/\/digmit.tantemalkah.at\/index.php\/wp-json\/wp\/v2\/pages"}],"about":[{"href":"https:\/\/digmit.tantemalkah.at\/index.php\/wp-json\/wp\/v2\/types\/page"}],"author":[{"embeddable":true,"href":"https:\/\/digmit.tantemalkah.at\/index.php\/wp-json\/wp\/v2\/users\/2"}],"replies":[{"embeddable":true,"href":"https:\/\/digmit.tantemalkah.at\/index.php\/wp-json\/wp\/v2\/comments?post=1354"}],"version-history":[{"count":7,"href":"https:\/\/digmit.tantemalkah.at\/index.php\/wp-json\/wp\/v2\/pages\/1354\/revisions"}],"predecessor-version":[{"id":1476,"href":"https:\/\/digmit.tantemalkah.at\/index.php\/wp-json\/wp\/v2\/pages\/1354\/revisions\/1476"}],"up":[{"embeddable":true,"href":"https:\/\/digmit.tantemalkah.at\/index.php\/wp-json\/wp\/v2\/pages\/1345"}],"wp:attachment":[{"href":"https:\/\/digmit.tantemalkah.at\/index.php\/wp-json\/wp\/v2\/media?parent=1354"}],"curies":[{"name":"wp","href":"https:\/\/api.w.org\/{rel}","templated":true}]}}