{"id":1051,"date":"2021-02-05T01:47:44","date_gmt":"2021-02-05T01:47:44","guid":{"rendered":"https:\/\/digmit.at\/?page_id=1051"},"modified":"2023-08-17T21:58:48","modified_gmt":"2023-08-17T21:58:48","slug":"diskriminierung-aufgrund-von-alter","status":"publish","type":"page","link":"https:\/\/digmit.tantemalkah.at\/index.php\/startseite\/diskriminierung\/diskriminierung-aufgrund-von-alter\/","title":{"rendered":"Diskriminierung aufgrund von Alter"},"content":{"rendered":"\n<p>In der Arbeitswelt darf ich nicht wegen meines <strong>Alters<\/strong> diskriminiert werden.<\/p>\n\n\n\n<p>Wenn ich einen Job nicht bekomme oder gek\u00fcndigt werde, weil ich <strong>zu alt<\/strong> oder <strong>zu jung<\/strong> bin, oder am Arbeitsplatz wegen meines Alters schlechter behandelt werde, ist das Diskriminierung und somit verboten.<\/p>\n\n\n\n<p>Ich darf nicht gek\u00fcndigt werden, nur weil ich schon im Pensionsalter bin.<\/p>\n\n\n\n<p>Ich darf wegen meines Alters auch <strong>nicht bel\u00e4stigt<\/strong>, <strong>gedem\u00fctigt<\/strong> oder <strong>gemobbt<\/strong> werden.<br><br><\/p>\n\n\n\n<h2 class=\"wp-block-heading\"><strong>Beispiele f\u00fcr Diskriminierung:<\/strong><\/h2>\n\n\n\n<ul class=\"wp-block-list\">\n<li>Eine Arbeitssuchende wird in der Berufsberatung aufgrund ihres Alters diskriminiert.<\/li>\n\n\n\n<li>Beispiele f\u00fcr diskriminierende Stellenanzeigen:<\/li>\n\n\n\n<li>Eine Firma sucht eine\/n Mitarbeiter*in f\u00fcr ein \u201ejunges, dynamisches Team\u201c.<\/li>\n\n\n\n<li>\u201ejunge\/r KellnerIn gesucht\u201c<\/li>\n\n\n\n<li>\u201eH\u00f6chstalter 30\u201c, \u201eAlter zwischen 25 und 40 Jahren\u201c<\/li>\n\n\n\n<li>\u201eBerufsanf\u00e4ngerInnen gesucht!\u201c<\/li>\n\n\n\n<li>\u201eB\u00fcrokraft mit mindestens 15 Jahren Berufserfahrung\u201c<\/li>\n\n\n\n<li>Ein Bewerber bekommt den Job auf der Baustelle nicht, weil er zu alt ist.<\/li>\n\n\n\n<li>Eine Abteilungsleiterin m\u00f6chte gerne bis zum Alter von 62 Jahren arbeiten, aber sie wird zu ihrem Pensionsantrittsalter gek\u00fcndigt.<\/li>\n\n\n\n<li>Kolleg*innen machen abf\u00e4llige Bemerkungen und Witze, mit denen sie eine Mitarbeiterin wegen ihres Alters beleidigen.<\/li>\n\n\n\n<li>Eine Arbeitnehmerin darf eine Weiterbildung nicht machen, weil sie zu alt ist.<\/li>\n\n\n\n<li>Ein*e Arbeitnehmer*in wird gek\u00fcndigt, weil er*sie \u00e4lter ist und schon lange in der Firma arbeitet und deshalb \u201ezu teuer\u201c ist.<\/li>\n\n\n\n<li>Ein Arbeitnehmer wird 3 Monate vor der Vollendung seines 25. Dienstjahres gek\u00fcndigt, weil die Firma ihm so weniger Abfertigung bezahlen muss.<\/li>\n<\/ul>\n\n\n\n<p>\u2026<br><br><\/p>\n\n\n\n<h2 class=\"wp-block-heading\"><strong>Was tun bei Diskriminierung?<\/strong><\/h2>\n\n\n\n<p>Als Arbeitnehmer*in kann ich mich bei Diskriminierung an meine\/n <strong>Arbeitgeber*in<\/strong> wenden. <br>Der\/die Arbeitgeber*in muss Arbeitnehmer*innen vor Diskriminierungen und Bel\u00e4stigungen sch\u00fctzen! <br>Wenn Arbeitgeber*innen von Diskriminierung oder Bel\u00e4stigung am Arbeitsplatz erfahren, m\u00fcssen sie etwas dagegen machen.<\/p>\n\n\n\n<p>Bei Diskriminierung in der Arbeit kann ich mich auch an den\/die <strong>Betriebr\u00e4t*in<\/strong> wenden.<\/p>\n\n\n\n<p>Wenn ich in der Arbeitswelt diskriminiert werde, kann ich mich bei der <strong><a href=\"https:\/\/wien.arbeiterkammer.at\/index.html\">Arbeiterkammer<\/a><\/strong> <a href=\"tel: +43 1 501 65 0\">telefonisch<\/a> informieren und\/oder einen kostenlosen Beratungstermin vereinbaren.<\/p>\n\n\n\n<p>Auch meine <strong><a href=\"https:\/\/www.oegb.at\/cms\/S06\/S06_4\/gewerkschaften\">Fachgewerkschaft<\/a><\/strong> ber\u00e4t mich zum Thema Diskriminierung.<\/p>\n\n\n\n<p>Wenn ich diskriminiert werde, kann ich mich an einen der <strong><a href=\"https:\/\/www.klagsverband.at\/ueber-uns\/mitglieder\">Mitgliedsvereine<\/a><\/strong> des <a href=\"https:\/\/www.klagsverband.at\"><strong>Klagsverband<\/strong>s<\/a> wenden.<br>Der Klagsverband unterst\u00fctzt Menschen, die von Diskriminierung betroffen sind, zu ihrem Recht zu kommen. Der Klagsverband bietet rechtliche Informationen, bringt F\u00e4lle vor Gericht und unterst\u00fctzt Einzelpersonen vor Gericht.<\/p>\n\n\n\n<p>Die <strong><a href=\"https:\/\/www.gleichbehandlungsanwaltschaft.gv.at\">Gleichbehandlungsanwaltschaft<\/a><\/strong> ber\u00e4t und unterst\u00fctzt mich, wenn ich diskriminiert oder (sexuell) bel\u00e4stigt werde.<br>\u00dcber die <strong><a href=\"https:\/\/www.gleichbehandlungsanwaltschaft.gv.at\/diskriminierung-melden\/gleichbehandlungs-app.html\">Gleichbehandlungs:App<\/a><\/strong> der Gleichbehandlungsanwaltschaft kann ich mich informieren und Diskriminierung und Bel\u00e4stigung melden (App Installieren: <a href=\"http:\/\/play.google.com\/store\/apps\/details?id=at.gv.gwa.bka&amp;gl=AT\">Google Playstore<\/a>\/ <a href=\"http:\/\/apps.apple.com\/at\/app\/gaw-gleichbehandlungs-app\/id1461211935\">iTunes<\/a>).<br>Die Gleichbehandlungsanwaltschaft leitet die notwendigen Informationen an die <strong><a href=\"https:\/\/www.bundeskanzleramt.gv.at\/agenda\/frauen-und-gleichstellung\/gleichbehandlungskommissionen\/gleichbehandlungskommission.html\">Gleichbehandlungskommission<\/a><\/strong> weiter. Die Gleichbehandlungskommission pr\u00fcft die Einzelf\u00e4lle. <\/p>\n\n\n\n<figure class=\"wp-block-embed is-type-video is-provider-youtube wp-block-embed-youtube wp-embed-aspect-16-9 wp-has-aspect-ratio\"><div class=\"wp-block-embed__wrapper\">\n<iframe loading=\"lazy\" title=\"Wege zum Recht - ein Informationsfilm der Gleichbehandlungsanwaltschaft\" width=\"500\" height=\"281\" src=\"https:\/\/www.youtube.com\/embed\/F47Lz1E6GHs?feature=oembed\" frameborder=\"0\" allow=\"accelerometer; autoplay; clipboard-write; encrypted-media; gyroscope; picture-in-picture; web-share\" referrerpolicy=\"strict-origin-when-cross-origin\" allowfullscreen><\/iframe>\n<\/div><figcaption class=\"wp-element-caption\">Wege zum Recht &#8211; ein Informationsfilm der Gleichbehandlungsanwaltschaft<\/figcaption><\/figure>\n\n\n\n<p>Wenn es zu einem Rechtsstreit kommt, kann ich beim <strong><a href=\"https:\/\/www.justiz.gv.at\/asg-wien\/arbeits--und-sozialgericht-wien~274.de.html\">Arbeits- und Sozialgericht<\/a><\/strong> klagen.<br>F\u00fcr <strong>Verfahren<\/strong> beim Arbeits- und Sozialgericht kann ich einen <strong>Antrag auf Rechtsschutz<\/strong> bei der Arbeiterkammer oder der Gewerkschaft stellen und so kostenlos vor Gericht vertreten werden.<\/p>\n\n\n\n<p>ACHTUNG<br>Es gibt <strong>Fristen<\/strong> f\u00fcr Beschwerden, Klagen und Schadenersatzforderungen!<\/p>\n\n\n\n<p>Wegen <strong>diskriminierende<\/strong>r <strong>Stellenanzeigen<\/strong> kann ich als Bewerber*in oder aber die <a href=\"https:\/\/www.gleichbehandlungsanwaltschaft.gv.at\">Gleichbehandlungsanwaltschaft<\/a> einen <strong>Strafantrag<\/strong> <a href=\"https:\/\/www.wien.gv.at\/mba\/mba.html\">bei der <strong>Bezirksverwaltungsbeh\u00f6rde<\/strong> \/ beim <strong>Magistrat<\/strong><\/a> (nach Sitz des ausschreibenden Unternehmens) stellen.<br><a href=\"https:\/\/www.gleichbehandlungsanwaltschaft.gv.at\/unser-angebot\/musterantrage.html\">Hier<\/a> finde ich Musterantr\u00e4ge wegen diskriminierender Stelleninserate.<\/p>\n\n\n\n<p><strong>Diskriminierende Stellenanzeigen<\/strong> kann ich auch der <strong>Zeitung<\/strong> melden.<br><br><\/p>\n\n\n\n<div class=\"wp-block-group\"><div class=\"wp-block-group__inner-container is-layout-constrained wp-block-group-is-layout-constrained\">\n<h2 class=\"wp-block-heading\">weitere Informationen<\/h2>\n\n\n\n<ul class=\"wp-block-list\">\n<li><a href=\"https:\/\/www.wage.at\/fileadmin\/downloads\/WAGE-Netzwerk\/GAW_Altersdiskriminierung.pdf\">Altersdiskriminierung in der Arbeitswelt (Gleichbehandlungsanwaltschaft)<\/a><\/li>\n<\/ul>\n<\/div><\/div>\n","protected":false},"excerpt":{"rendered":"<p>In der Arbeitswelt darf ich nicht wegen meines Alters diskriminiert werden. Wenn ich einen Job nicht bekomme oder gek\u00fcndigt werde, weil ich zu alt oder zu jung bin, oder am Arbeitsplatz wegen meines Alters schlechter behandelt werde, ist das Diskriminierung und somit verboten. Ich darf nicht gek\u00fcndigt werden, nur weil ich schon im Pensionsalter bin. [&hellip;]<\/p>\n","protected":false},"author":2,"featured_media":0,"parent":688,"menu_order":0,"comment_status":"closed","ping_status":"closed","template":"","meta":{"footnotes":""},"class_list":["post-1051","page","type-page","status-publish","hentry"],"_links":{"self":[{"href":"https:\/\/digmit.tantemalkah.at\/index.php\/wp-json\/wp\/v2\/pages\/1051","targetHints":{"allow":["GET"]}}],"collection":[{"href":"https:\/\/digmit.tantemalkah.at\/index.php\/wp-json\/wp\/v2\/pages"}],"about":[{"href":"https:\/\/digmit.tantemalkah.at\/index.php\/wp-json\/wp\/v2\/types\/page"}],"author":[{"embeddable":true,"href":"https:\/\/digmit.tantemalkah.at\/index.php\/wp-json\/wp\/v2\/users\/2"}],"replies":[{"embeddable":true,"href":"https:\/\/digmit.tantemalkah.at\/index.php\/wp-json\/wp\/v2\/comments?post=1051"}],"version-history":[{"count":7,"href":"https:\/\/digmit.tantemalkah.at\/index.php\/wp-json\/wp\/v2\/pages\/1051\/revisions"}],"predecessor-version":[{"id":2645,"href":"https:\/\/digmit.tantemalkah.at\/index.php\/wp-json\/wp\/v2\/pages\/1051\/revisions\/2645"}],"up":[{"embeddable":true,"href":"https:\/\/digmit.tantemalkah.at\/index.php\/wp-json\/wp\/v2\/pages\/688"}],"wp:attachment":[{"href":"https:\/\/digmit.tantemalkah.at\/index.php\/wp-json\/wp\/v2\/media?parent=1051"}],"curies":[{"name":"wp","href":"https:\/\/api.w.org\/{rel}","templated":true}]}}